-113?
-145
In base 9, what is -2 + -243?
-245
In base 7, what is 23 - 0?
23
In base 16, what is -21 + -4?
-25
In base 14, what is -c9b - -6?
-c95
In base 9, what is 1527 - 3?
1524
In base 15, what is 834 - e?
825
In base 5, what is -113 + 444?
331
In base 3, what is -10 - 2212110?
-2212120
In base 9, what is -11657 + 5?
-11652
In base 3, what is 1000 + 2000012?
2001012
In base 13, what is 12861 + -4?
1285a
In base 13, what is 4 + -2ca?
-2c6
In base 7, what is 1 - 21?
-20
In base 2, what is 10111011010101 - -10?
10111011010111
In base 4, what is -32 - 21?
-113
In base 2, what is -1100010000 + 1?
-1100001111
In base 12, what is 3 - -64?
67
In base 8, what is 13 - -6?
21
In base 3, what is 1122221 - -12?
1200010
In base 11, what is -2 - 639?
-640
In base 8, what is -3 + -2?
-5
In base 16, what is a43 + -4?
a3f
In base 15, what is -1d - 0?
-1d
In base 5, what is -3 + -42?
-100
In base 11, what is 1a7 + 1?
1a8
In base 4, what is 2003 + 1?
2010
In base 10, what is 1 + 58?
59
In base 16, what is 4 - b7b?
-b77
In base 14, what is 137 + -2?
135
In base 16, what is 8d - 1?
8c
In base 11, what is a - -15?
24
In base 15, what is ee - -4?
103
In base 9, what is 2 + 1385?
1387
In base 15, what is -a0 + -2?
-a2
In base 16, what is -2f7 + -1?
-2f8
In base 11, what is -40 - 0?
-40
In base 12, what is -3 - 1ab?
-1b2
In base 2, what is 10001010110 + -100?
10001010010
In base 16, what is -62 + -5?
-67
In base 4, what is 3301 - 12?
3223
In base 4, what is 11 + 3121?
3132
In base 4, what is -11 - -1322?
1311
In base 11, what is -519 + -4?
-522
In base 9, what is 283 + 20?
313
In base 4, what is -11 + 23331?
23320
In base 9, what is 7 - 37?
-30
In base 4, what is -2 - 1030?
-1032
In base 10, what is 2 + -629?
-627
In base 5, what is -14 + -441?
-1010
In base 3, what is 11 + 1212122?
1212210
In base 13, what is 5 + 25?
2a
In base 4, what is 11133 - -2?
11201
In base 3, what is 11022000 - 2?
11021221
In base 12, what is -699 - -1?
-698
In base 10, what is 27 + 11?
38
In base 9, what is -730 + -3?
-733
In base 11, what is 7 + 441?
448
In base 3, what is 1 - -1222002?
1222010
In base 16, what is -5f1 + 11?
-5e0
In base 14, what is -20 - 6?
-26
In base 14, what is 3 + -18?
-15
In base 12, what is -2 - -22a?
228
In base 12, what is -aa - -5?
-a5
In base 11, what is 13 + 7?
1a
In base 15, what is 2 + -29?
-27
In base 14, what is -1d8 + 61?
-177
In base 11, what is -594 + -11?
-5a5
In base 8, what is -666 + -1?
-667
In base 2, what is 1 + 100101111?
100110000
In base 8, what is 303 - -37?
342
In base 11, what is -897 - 2a?
-916
In base 7, what is -102 + -220?
-322
In base 13, what is 1c + 7?
26
In base 10, what is -5 + -82?
-87
In base 3, what is -1 + -1102201?
-1102202
In base 13, what is -2 + 21?
1c
In base 16, what is -12 + -2ef?
-301
In base 7, what is -4241 + -2?
-4243
In base 7, what is -536 - -2?
-534
In base 3, what is -101022 + 1?
-101021
In base 12, what is 2 + -2a6?
-2a4
In base 13, what is 2 - -2b8?
2ba
In base 16, what is -12bd + -5?
-12c2
In base 10, what is 4 + -15?
-11
In base 13, what is 2 - -666?
668
In base 11, what is 12 - -2?
14
In base 13, what is -1 - -530?
52c
In base 3, what is -2 + -1101202?
-1101211
In base 2, what is 1011 + 1?
1100
In base 6, what is 2 + 1331?
1333
In base 5, what is 4 - -1233?
1242
In base 12, what is -5 + 3?
-2
In base 13, what is 98 - -5c?
127
In base 2, what is -1 + 1100001?
1100000
In base 11, what is a73 - -7?
a7a
In base 7, what is 3 - 425?
-422
In base 5, what is -10 + 42?
32
In base 8, what is -3 + -406?
-411
In base 7, what is 1023 - 5?
1015
In base 8, what is -5 + 107?
102
In base 7, what is -1644 + 2?
-1642
In base 15, what is -31 - -7c?
4b
In base 5, what is 1331 + 40?
1421
In base 8, what is 4515 - 3?
4512
In base 11, what is -552 + -5?
-557
In base 4, what is -10 - -1300002?
1233332
In base 6, what is 3323 - 3?
3320
In base 8, what is -3 - -102?
77
In base 9, what is -7 - 38?
-46
In base 5, what is 11100 + 3?
11103
In base 4, what is -1 - -133?
132
In base 16, what is 2 + 16?
18
In base 3, what is -110 - -101102?
100222
In base 15, what is -3c - -12?
-2a
In base 3, what is -101101 + -2?
-101110
In base 14, what is -3 + 11?
c
In base 13, what is 72 - -35?
a7
In base 6, what is 3 - -11?
14
In base 14, what is 4 - -40?
44
In base 4, what is -3 - -2322?
2313
In base 7, what is 433 + -3?
430
In base 3, what is 1120 - -2002?
10122
In base 12, what is 237 + -4?
233
In base 13, what is 1c + -21?
-2
In base 13, what is -6100 - 5?
-6105
In base 2, what is -1011010011 + -110?
-1011011001
In base 11, what is -23 - -28?
5
In base 13, what is -2c6 - -1?
-2c5
In base 2, what is -1101 + -101?
-10010
In base 8, what is -7 - -2?
-5
In base 6, what is -1444 + 2?
-1442
In base 5, what is -11 + 243?
232
In base 3, what is -12 - -20002011?
20001222
In base 16, what is -5 + de?
d9
In base 16, what is 1 - 3?
-2
In base 9, what is 241 + 20?
261
In base 5, what is 2 + -131?
-124
In base 15, what is -66 + 51?
-15
In base 15, what is -4 + -1787?
-178b
In base 6, what is 14 + 3?
21
In base 6, what is -401 - -4?
-353
In base 10, what is -33 + 2?
-31
In base 7, what is -16432 + -2?
-16434
In base 14, what is 5 + 29b?
2a2
In base 13, what is -58 - -1?
-57
In base 16, what is 16d + 5?
172
In base 2, what is -1001110011 + -10?
-1001110101
In base 16, what is 3 - d?
-a
In base 16, what is 4 - 18e?
-18a
In base 3, what is 10 + -20220201?
-20220121
In base 11, what is 1 + -942?
-941
In base 8, what is -4 - 543?
-547
In base 4, what is 11 + 33030?
33101
In base 12, what is 4 - -11b1?
11b5
In base 12, what is -62 - 10?
-72
In base 8, what is 374 + -3?
371
In base 8, what is -40 - 255?
-315
In base 10, what is -75 + 1?
-74
In base 9, what is 804 + 3?
807
In base 4, what is 220111 + 0?
220111
In base 5, what is -12 - 1031?
-1043
In base 10, what is 5 + -241?
-236
In base 6, what is 1 + -132?
-131
In base 6, what is -1 + -1040?
-1041
In base 14, what is -1570 - -3?
-156b
In base 12, what is -713 - 1?
-714
In base 7, what is 3 + -454?
-451
In base 9, what is 1 - 30?
-28
In base 7, what is 4 - -1524?
1531
In base 11, what is -119 + 13?
-106
In base 2, what is -1010101 + 100?
-1010001
In base 12, what is 3 - -536?
539
In base 3, what is 0 + -12?
-12
In base 12, what is -92 - 2?
-94
In base 15, what is -6 + 27?
21
In base 7, what is 0 + 645?
645
In base 5, what is 12042 - 3?
12034
In base 9, what is -115 + -3?
-118
In base 7, what is -40 + 62?
22
In base 13, what is -c + 1c?
10
In base 7, what is 3 + 14642?
14645
In base 11, what is 34 - -12?
46
In base 2, what is -11101 + 0?
-11101
In base 6, what is 3 - 1214?
-1211
In base 4, what is -223 - 1?
-230
In base 11, what is 6 + 217?
222
In base 16, what is a6 + 46?
ec
In base 8, what is 2 - 10342?
-10340
In base 14, what is -1 - 184?
-185
In base 4, what is 232330 - 3?
232321
In base 7, what is -1160 - -5?
-1152
In base 4, what is -212 - 2?
-220
In base 16, what is 2 - 300?
-2fe
In base 8, what is -573 + -1?
-574
In base 16, what is 54 - a?
4a
In base 15, what is 6a8 - 5?
6a3
In base 10, what is 3 - -345?
348
In base 4, what is -133223 + 1?
-133222
In base 12, what is 5 - -9?
12
In base 10, what is 576 - -9?
585
In base 4, what is 10 - 202?
-132
In base 10, what is 3 + -53?
-50
In base 7, what is -3 + 0?
-3
In base 9, what is -4 - 322?
-326
In base 12, what is 6b8a + 4?
6b92
In base 5, what is 404 - 34?
320
In base 16, what is c - 2d?
-21
In base 6, what is 4155 - -1?
4200
In base 2, what is 10 - -10011?
10101
In base 8, what is 0 + -4363?
-4363
In base 14, what is 4 + 70?
74
In base 7, what is -1334 + -4?
-1341
In base 4, what is 212 + 20310?
21122
In base 14, what is -2 + -37d?
-381
In base 15, what is 5 + 156?
15b
In base 2, what is 1101101011101 + 0?
1101101011101
In base 11, what is 5207 - -5?
5211
In base 14, what is 3 + 49?
4c
In base 9, what is 6 + 415?
422
In base 9, what is -333 - 5?
-338
In base 5, what is -41 + -130?
-221
In base 5, what is -2 + -3343?
-3400
In base 4, what is 3213233 - -11?
3213310
In base 2, what is 101 - -1110101110?
1110110011
In base 10, what is -2147 - -1?
-2146
In base 9, what is 82 - 2?
80
In base 12, what is -306 + -4?
-30a
In base 6, what is -1133 + 2?
-1131
In base 10, what is -864 - -3?
-861
In base 12, what is 4 - -29?
31
In base 10, what is -20 - -54?
34
In base 2, w